{"id":7436,"date":"2021-09-27T17:21:16","date_gmt":"2021-09-27T15:21:16","guid":{"rendered":"https:\/\/www.confiserietriki.com?product=boite-plastique-halva-light"},"modified":"2021-11-15T09:37:12","modified_gmt":"2021-11-15T08:37:12","slug":"boite-plastique-halva-light","status":"publish","type":"product","link":"https:\/\/www.confiserietriki.com\/?product=boite-plastique-halva-light&lang=fr","title":{"rendered":"Boite en plastique &#8211; Halwa light"},"content":{"rendered":"<table style=\"height: 207px;\" width=\"100%\">\n<tbody>\n<tr>\n<th style=\"text-align: center;\"><\/th>\n<th style=\"text-align: center;\"><strong>Carton<\/strong><\/th>\n<th style=\"text-align: center;\"><strong>Poids net (kg)<\/strong><\/th>\n<th style=\"text-align: center;\"><strong>Poids brut (kg)<\/strong><\/th>\n<\/tr>\n<tr>\n<td style=\"text-align: center;\" rowspan=\"2\">Halwa Le Moulin sans sucre ajout\u00e9.<\/td>\n<td style=\"text-align: center;\">350 gr x 36 boites<\/td>\n<td style=\"text-align: center;\">12,6<\/td>\n<td style=\"text-align: center;\">13,9<\/td>\n<\/tr>\n<tr>\n<td style=\"text-align: center;\">550 gr x 24 boites<\/td>\n<td style=\"text-align: center;\">13,2<\/td>\n<td style=\"text-align: center;\">14,6<\/td>\n<\/tr>\n<\/tbody>\n<\/table>\n","protected":false},"excerpt":{"rendered":"<h6 style=\"margin-top: 25%;\">P\u00e2te de s\u00e9same light disponible en diff\u00e9rents poids\u00a0:<br \/>\n350 gr et 550 gr.<\/h6>\n","protected":false},"featured_media":8546,"comment_status":"closed","ping_status":"closed","template":"","meta":[],"_links":{"self":[{"href":"https:\/\/www.confiserietriki.com\/index.php?rest_route=\/wp\/v2\/product\/7436"}],"collection":[{"href":"https:\/\/www.confiserietriki.com\/index.php?rest_route=\/wp\/v2\/product"}],"about":[{"href":"https:\/\/www.confiserietriki.com\/index.php?rest_route=\/wp\/v2\/types\/product"}],"replies":[{"embeddable":true,"href":"https:\/\/www.confiserietriki.com\/index.php?rest_route=%2Fwp%2Fv2%2Fcomments&post=7436"}],"wp:featuredmedia":[{"embeddable":true,"href":"https:\/\/www.confiserietriki.com\/index.php?rest_route=\/wp\/v2\/media\/8546"}],"wp:attachment":[{"href":"https:\/\/www.confiserietriki.com\/index.php?rest_route=%2Fwp%2Fv2%2Fmedia&parent=7436"}],"curies":[{"name":"wp","href":"https:\/\/api.w.org\/{rel}","templated":true}]}}