{"id":7441,"date":"2021-09-27T17:02:39","date_gmt":"2021-09-27T15:02:39","guid":{"rendered":"https:\/\/www.confiserietriki.com?product=seau-en-plastique-halva-tahini"},"modified":"2024-12-03T17:21:03","modified_gmt":"2024-12-03T16:21:03","slug":"seau-en-plastique-halva-tahini","status":"publish","type":"product","link":"https:\/\/www.confiserietriki.com\/?product=seau-en-plastique-halva-tahini&lang=fr","title":{"rendered":"SEAU EN PLASTIQUE &#8211; Halwa Tahina"},"content":{"rendered":"<table style=\"height: 207px;\" width=\"100%\">\n<tbody>\n<tr>\n<th style=\"text-align: center;\"><\/th>\n<th style=\"text-align: center;\"><strong>Carton<\/strong><\/th>\n<th style=\"text-align: center;\"><strong>Poids net (kg)<\/strong><\/th>\n<th style=\"text-align: center;\"><strong>Poids brut (kg)<\/strong><\/th>\n<\/tr>\n<tr>\n<td style=\"text-align: center;\">Tahina<\/td>\n<td style=\"text-align: center;\">12 boites x 500gr<\/td>\n<td style=\"text-align: center;\">4,800<\/td>\n<td style=\"text-align: center;\">5,65<\/td>\n<\/tr>\n<\/tbody>\n<\/table>\n","protected":false},"excerpt":{"rendered":"<h6 style=\"margin-top: 25%;\">P\u00e2te de s\u00e9same Le Moulin. Excellente source de vitamine B ainsi que de min\u00e9raux et d\u2019oligo-\u00e9l\u00e9ments.<\/h6>\n","protected":false},"featured_media":8218,"comment_status":"closed","ping_status":"closed","template":"","meta":[],"_links":{"self":[{"href":"https:\/\/www.confiserietriki.com\/index.php?rest_route=\/wp\/v2\/product\/7441"}],"collection":[{"href":"https:\/\/www.confiserietriki.com\/index.php?rest_route=\/wp\/v2\/product"}],"about":[{"href":"https:\/\/www.confiserietriki.com\/index.php?rest_route=\/wp\/v2\/types\/product"}],"replies":[{"embeddable":true,"href":"https:\/\/www.confiserietriki.com\/index.php?rest_route=%2Fwp%2Fv2%2Fcomments&post=7441"}],"wp:featuredmedia":[{"embeddable":true,"href":"https:\/\/www.confiserietriki.com\/index.php?rest_route=\/wp\/v2\/media\/8218"}],"wp:attachment":[{"href":"https:\/\/www.confiserietriki.com\/index.php?rest_route=%2Fwp%2Fv2%2Fmedia&parent=7441"}],"curies":[{"name":"wp","href":"https:\/\/api.w.org\/{rel}","templated":true}]}}