{"id":7747,"date":"2021-10-20T10:56:01","date_gmt":"2021-10-20T08:56:01","guid":{"rendered":"https:\/\/www.confiserietriki.com?post_type=product&#038;p=7747"},"modified":"2026-03-30T11:09:40","modified_gmt":"2026-03-30T09:09:40","slug":"reflexx-eclairs-coconut-copy","status":"publish","type":"product","link":"https:\/\/www.confiserietriki.com\/?product=reflexx-eclairs-coconut-copy&lang=fr","title":{"rendered":"Reflexx Eclairs lait"},"content":{"rendered":"<table style=\"height: 207px;\" width=\"100%\">\n<tbody>\n<tr>\n<th style=\"text-align: center;\"><\/th>\n<th style=\"text-align: center;\"><strong>Carton<\/strong><\/th>\n<th style=\"text-align: center;\"><strong>Poids Net (kg)<\/strong><\/th>\n<th style=\"text-align: center;\"><strong>Poids Brut (kg)<\/strong><\/th>\n<\/tr>\n<tr>\n<td style=\"text-align: center;\" rowspan=\"2\">\u00c9clairs caramel :<br \/>\nP\u00e2te \u00e0 m\u00e2cher aromatis\u00e9e : caramel fourr\u00e9 lait<\/td>\n<td style=\"text-align: center;\">36 sachets x 80gr<\/td>\n<td style=\"text-align: center;\">2,880<\/td>\n<td style=\"text-align: center;\">3,380<\/td>\n<\/tr>\n<tr>\n<td style=\"text-align: center;\">24 sachets x 200gr<\/td>\n<td style=\"text-align: center;\">4,800<\/td>\n<td style=\"text-align: center;\">5,300<\/td>\n<\/tr>\n<\/tbody>\n<\/table>\n","protected":false},"excerpt":{"rendered":"<h6 style=\"margin-top: 25%;\">P\u00e2te \u00e0 m\u00e2cher au caramel fourr\u00e9e<br \/>\n<br \/>Saveurs : caf\u00e9, noix de coco, caramel et lait<br \/>\n<\/h6>\n","protected":false},"featured_media":7839,"comment_status":"closed","ping_status":"closed","template":"","meta":[],"_links":{"self":[{"href":"https:\/\/www.confiserietriki.com\/index.php?rest_route=\/wp\/v2\/product\/7747"}],"collection":[{"href":"https:\/\/www.confiserietriki.com\/index.php?rest_route=\/wp\/v2\/product"}],"about":[{"href":"https:\/\/www.confiserietriki.com\/index.php?rest_route=\/wp\/v2\/types\/product"}],"replies":[{"embeddable":true,"href":"https:\/\/www.confiserietriki.com\/index.php?rest_route=%2Fwp%2Fv2%2Fcomments&post=7747"}],"wp:featuredmedia":[{"embeddable":true,"href":"https:\/\/www.confiserietriki.com\/index.php?rest_route=\/wp\/v2\/media\/7839"}],"wp:attachment":[{"href":"https:\/\/www.confiserietriki.com\/index.php?rest_route=%2Fwp%2Fv2%2Fmedia&parent=7747"}],"curies":[{"name":"wp","href":"https:\/\/api.w.org\/{rel}","templated":true}]}}