{"id":8233,"date":"2021-11-05T15:12:05","date_gmt":"2021-11-05T14:12:05","guid":{"rendered":"https:\/\/www.confiserietriki.com?post_type=product&#038;p=8233"},"modified":"2021-11-15T09:35:09","modified_gmt":"2021-11-15T08:35:09","slug":"halwa-speciale-le-moulin-copy","status":"publish","type":"product","link":"https:\/\/www.confiserietriki.com\/?product=halwa-speciale-le-moulin-copy&lang=fr","title":{"rendered":"Halwa Le Moulin Nature"},"content":{"rendered":"<p>&nbsp;<\/p>\n<table style=\"height: 207px;\" width=\"100%\">\n<tbody>\n<tr>\n<th style=\"text-align: center;\"><\/th>\n<th style=\"text-align: center;\"><strong>Poids net (kg)<\/strong><\/th>\n<th style=\"text-align: center;\"><strong>Poids brut(kg)<\/strong><\/th>\n<\/tr>\n<tr>\n<td style=\"text-align: center;\">Halwa Le Moulin Nature.<\/td>\n<td style=\"text-align: center;\">2<\/td>\n<td style=\"text-align: center;\">2,25<\/td>\n<\/tr>\n<\/tbody>\n<\/table>\n","protected":false},"excerpt":{"rendered":"<h6 style=\"margin-top: 25%;\">P\u00e2te de s\u00e9same nature disponible en bo\u00eete de 2 kg.<\/h6>\n","protected":false},"featured_media":8523,"comment_status":"closed","ping_status":"closed","template":"","meta":[],"_links":{"self":[{"href":"https:\/\/www.confiserietriki.com\/index.php?rest_route=\/wp\/v2\/product\/8233"}],"collection":[{"href":"https:\/\/www.confiserietriki.com\/index.php?rest_route=\/wp\/v2\/product"}],"about":[{"href":"https:\/\/www.confiserietriki.com\/index.php?rest_route=\/wp\/v2\/types\/product"}],"replies":[{"embeddable":true,"href":"https:\/\/www.confiserietriki.com\/index.php?rest_route=%2Fwp%2Fv2%2Fcomments&post=8233"}],"wp:featuredmedia":[{"embeddable":true,"href":"https:\/\/www.confiserietriki.com\/index.php?rest_route=\/wp\/v2\/media\/8523"}],"wp:attachment":[{"href":"https:\/\/www.confiserietriki.com\/index.php?rest_route=%2Fwp%2Fv2%2Fmedia&parent=8233"}],"curies":[{"name":"wp","href":"https:\/\/api.w.org\/{rel}","templated":true}]}}