{"id":8772,"date":"2024-12-04T10:52:56","date_gmt":"2024-12-04T09:52:56","guid":{"rendered":"https:\/\/www.confiserietriki.com\/?post_type=product&#038;p=8772"},"modified":"2026-03-31T17:01:24","modified_gmt":"2026-03-31T15:01:24","slug":"reflexx-fruits","status":"publish","type":"product","link":"https:\/\/www.confiserietriki.com\/?product=reflexx-fruits&lang=fr","title":{"rendered":"Reflexx Fruits 14 pi\u00e8ces"},"content":{"rendered":"","protected":false},"excerpt":{"rendered":"<h6 style=\"margin-top: 25%;\">Reflexx Rolls : p\u00e2te \u00e0 m\u00e2cher aromatis\u00e9e<br \/>\n<br \/>Saveurs : Fruits et Menthe<br \/>\n<br \/>Disponible en 14 et 5 Pi\u00e8ces<br \/>\n<\/h6>\n","protected":false},"featured_media":8773,"comment_status":"open","ping_status":"closed","template":"","meta":[],"_links":{"self":[{"href":"https:\/\/www.confiserietriki.com\/index.php?rest_route=\/wp\/v2\/product\/8772"}],"collection":[{"href":"https:\/\/www.confiserietriki.com\/index.php?rest_route=\/wp\/v2\/product"}],"about":[{"href":"https:\/\/www.confiserietriki.com\/index.php?rest_route=\/wp\/v2\/types\/product"}],"replies":[{"embeddable":true,"href":"https:\/\/www.confiserietriki.com\/index.php?rest_route=%2Fwp%2Fv2%2Fcomments&post=8772"}],"wp:featuredmedia":[{"embeddable":true,"href":"https:\/\/www.confiserietriki.com\/index.php?rest_route=\/wp\/v2\/media\/8773"}],"wp:attachment":[{"href":"https:\/\/www.confiserietriki.com\/index.php?rest_route=%2Fwp%2Fv2%2Fmedia&parent=8772"}],"curies":[{"name":"wp","href":"https:\/\/api.w.org\/{rel}","templated":true}]}}